ose 5*d = f + 19. What is the greatest common factor of d and 72?
9
Let n = 131 - 123. What is the highest common factor of 152 and n?
8
Suppose p - 15 + 2 = 0. Calculate the greatest common factor of p and 26.
13
Let p = 36 - 16. Suppose 2*t + 8 = 22. Suppose 4*z - 25 = t. Calculate the highest common divisor of z and p.
4
Let p be 5280/140 + (-2)/(-7). Calculate the highest common divisor of p and 4.
2
Let s = -52 - -81. Let c = s + -20. Calculate the highest common factor of 9 and c.
9
Let n = 4 - 0. Let y = -3 - -5. Suppose -n*k + 24 = y*w - 0*w, -w + 8 = k. Calculate the highest common divisor of 8 and w.
4
Let v(m) be the second derivative of m**3/6 + 3*m**2/2 - 2*m. Let t be v(8). Calculate the highest common divisor of 77 and t.
11
Let f be 107/3 - (-5)/15. Calculate the highest common factor of f and 9.
9
Let n(p) = p**2 - p + 7. Let o be n(5). Suppose 0*b + 3 = 2*b - 3*h, 3*b = 2*h + 17. What is the highest common divisor of o and b?
9
Suppose 6*c - 5*c = 6. Calculate the highest common factor of c and 2.
2
Suppose 4 + 66 = 5*p. What is the greatest common factor of 14 and p?
14
Let b(v) = -1 + 2*v**2 + 3 - 1 + 2*v - 9*v**3. Let z be b(-1). What is the highest common factor of z and 90?
10
Suppose -y - 4*y = -30. Suppose -l + y*l = 9260. Let c be 6/(-21) + l/14. Calculate the greatest common divisor of c and 12.
12
Let f = 3 + -3. Suppose f = -a + 48 + 204. Suppose -3*y = y - a. What is the greatest common divisor of 7 and y?
7
Suppose 0*d + 2*d + 5*s - 52 = 0, 3*d = 3*s + 57. Suppose -2*j - 81 = -6*j - 5*u, -24 = -j - 2*u. What is the greatest common factor of j and d?
7
Let b = 30 + -22. What is the greatest common factor of 8 and b?
8
Let x = 14 - 2. Let p(m) = -28*m. Let o be p(-3). What is the highest common factor of o and x?
12
Let h = 5 - -5. Calculate the greatest common factor of 5 and h.
5
Let s(t) = -t**3 + t**2 - 3. Let u be s(0). Let d be -6*((-30)/9 - u). What is the greatest common factor of 14 and d?
2
Suppose -3*x - x + 20 = 0. Suppose 136 = x*t - 4*z, 3*z = -4*t + 6*z + 108. What is the greatest common factor of t and 16?
8
Let r(g) = -g**2 - 5*g + 2. Let y be r(-4). Let t be (4/10)/((-2)/(-240)). Calculate the highest common divisor of y and t.
6
Suppose -5*i = -0*i. Suppose -w + i*w = 0. Suppose 4*o - 3*r - 2 = 3, 5*o - 4*r - 6 = w. What is the greatest common factor of 22 and o?
2
Let r = -17 + 32. What is the greatest common factor of 5 and r?
5
Let o(x) = x - 3. Let u be o(13). Suppose 594 = 13*z - u*z. What is the greatest common divisor of z and 22?
22
Let d be ((-9)/5)/((-9)/30). Let b = d + -1. Suppose 0 = 4*t + 4, -b*t = -2*x - 0*x + 11. Calculate the greatest common divisor of x and 21.
3
Let s = 22 + -16. Suppose 27 = s*w - 15. Let o = -1 + 2. What is the greatest common factor of o and w?
1
Suppose 3*m + 1 - 10 = -2*j, 3*j + 12 = 4*m. Suppose 28 - 84 = -n. Let h be j + n - 0/(-1). What is the highest common factor of h and 8?
8
Let t(d) = d**2 - 4*d + 2. Let s be t(4). Let u be 1/(147/(-75) + s). Calculate the highest common factor of u and 10.
5
Let y = 95 + -93. Calculate the highest common factor of y and 1.
1
Suppose 4*h - 3 - 4 = s, -5*s + 5 = 0. What is the greatest common divisor of 6 and h?
2
Let l(h) = 13*h - 15. Let u be l(10). What is the highest common divisor of 23 and u?
23
Suppose -75 = s - 4*s. Let h be 3 - 4 - (-14)/(-1). Let a = h - -25. Calculate the greatest common divisor of s and a.
5
Let c(a) = 6*a**3 + 3*a + 6. Let v(u) = -5*u**3 - u**2 - 3*u - 5. Let t(l) = -4*c(l) - 5*v(l). Let g be t(-3). What is the greatest common divisor of g and 90?
10
Let q = 363 - 187. Let p(y) = y**3 + y**2 + y + 2. Let n be p(2). Calculate the greatest common factor of q and n.
16
Let m(q) = -q + 10. Let n be m(8). Suppose 44 = 3*p - n*p. Let v be 2/(-7) + (-237)/(-21). Calculate the highest common factor of v and p.
11
Suppose 8*j + 58 = 250. What is the greatest common divisor of j and 24?
24
Suppose 3*a + 2*a = -15. Let x = a - -7. Calculate the greatest common factor of 4 and x.
4
Let x be ((-2)/(-6))/(2/18). Suppose -2*b + 8 = 0, -2*b - b = x*i + 3. Let h = i + 7. What is the highest common divisor of 10 and h?
2
Let n = 77 + -52. Let a be 1/(-2) - n/(-2). Calculate the greatest common divisor of a and 4.
4
Let n be 2 - (3 - 2)*-1. What is the highest common factor of 3 and n?
3
Let a be 4/22 - 42/(-11). Suppose -111 = -a*g - 3*m + 4, g - 45 = -4*m. Let p be 6 - -2 - (-2 - 0). What is the highest common factor of p and g?
5
Let i(z) = -z**3 - 8*z**2 - 4*z - 1. Let p be i(-6). Let h be (p/28)/(2/(-88)). Calculate the highest common factor of h and 11.
11
Suppose -5*p = -4*p - 65. Suppose a + 2*s - 3 = 0, 4*a - 14 - 42 = 3*s. Let v = 24 - a. What is the highest common divisor of p and v?
13
Let u be ((-14)/(-3))/((-16)/(-120)). Calculate the greatest common divisor of u and 280.
35
Let o(v) = -v**2 - 10*v + 4. Let b be o(-8). What is the greatest common factor of 160 and b?
20
Let x be (-3)/6 + (-9)/(-6). Let a be 0 + 3 + x - 2. Calculate the greatest common divisor of a and 5.
1
Suppose 0 = -3*w, 0*w - 60 = -3*b - 5*w. Let k be 81/45*b/6. What is the highest common divisor of k and 48?
6
Suppose -5*m + 2*v + 40 = 4*v, -2*m + 3*v = 3. Let t = 0 + 3. Suppose 4*g = t*g + 30. Calculate the highest common divisor of m and g.
6
Suppose 4*c - 4*y = 232, 2*y + 3 = -5. Calculate the greatest common divisor of 18 and c.
18
Let t be 4*(-3)/6 + (-4 - -93). Calculate the highest common factor of 29 and t.
29
Suppose -39 = -0*c - 3*c. What is the highest common factor of c and 13?
13
Suppose -4 = -2*j + 3*j. Let y(b) = -7*b - 13. Let i be y(j). What is the greatest common factor of 45 and i?
15
Let m(u) = u**2 - 9*u + 5. Let o be m(9). Suppose 4*h + 4*j = 48, o*h - 2*j - 67 = -0*h. What is the greatest common factor of 104 and h?
13
Suppose -x + 44 = 2*x - f, 5*f = 2*x - 12. Suppose -2*j = 2*j - 560. Let u = -100 + j. Calculate the highest common factor of x and u.
8
Let p = 5 - -6. Let m(j) = -2*j - 7. Let r be m(-9). What is the highest common factor of r and p?
11
Let k = -9 + 25. Calculate the highest common factor of k and 48.
16
Let a be (-3 + 191/(-3))*(3 + -6). What is the greatest common divisor of a and 25?
25
Suppose v - 6*v = -180. Calculate the highest common factor of 27 and v.
9
Let y(j) = j**3 - 7*j**2 - 24*j + 2. Let k be y(10). What is the highest common divisor of k and 31?
31
Suppose -4 = j + 5*v - 37, -2*j = 3*v - 31. Let d be j + -3 + 1*-1. What is the greatest common divisor of 12 and d?
4
Let p = -23 + 35. What is the highest common divisor of p and 132?
12
Suppose -q - 7 = -3*v, -4*q = -v - 2 - 3. Suppose j - 5*j - 16 = 4*g, 0 = j - g - 4. Suppose j = 3*i + i - 72. Calculate the greatest common divisor of i and q.
2
Suppose -4*k + 32 = -4. Let u be -1*(2 + -1) - -64. What is the greatest common factor of u and k?
9
Let k = 61 + -44. Calculate the highest common divisor of k and 153.
17
Let y be (-1 + -2)/(3/(-2)). Let a be 0 + 3 - (-1 + -1)*-1. Let d be 107 + y/1 + a. Calculate the greatest common factor of d and 10.
10
Let p be (-3)/2*1*6. Let x be p/(-6)*(-4)/6. Let o be 1 + (x - (1 - 21)). What is the highest common factor of 10 and o?
10
Let h be 2/(-4)*0/2. Suppose -4*d + 7 + 61 = h. Calculate the greatest common divisor of 187 and d.
17
Let c(p) = -4*p - 14. Let t be c(-4). Calculate the highest common divisor of t and 2.
2
Let h = 663 - 348. Calculate the highest common factor of h and 35.
35
Let j = 33 + 183. What is the highest common divisor of j and 24?
24
Suppose -6*r + 7*r - 165 = 0. What is the highest common divisor of 15 and r?
15
Let o be 2/4*(25 - -1). Let y be (-12)/30 + (-654)/(-10). What is the greatest common divisor of o and y?
13
Suppose 3*h + 4 = 49. What is the highest common factor of 15 and h?
15
Let w be (-5)/5*0 + 5. What is the greatest common factor of 25 and w?
5
Suppose x = 5 - 3. Suppose 2*y - 8 = -4*d, -x*y + 2*d + 5 = 27. Let s be (-12)/(1 - y/(-2)). Calculate the highest common factor of 6 and s.
6
Let s = -71 - -89. Suppose 4*t = 2*u + 82, 18 = 5*t - 5*u - 97. What is the greatest common factor of t and s?
18
Let p be 113 + 2*4/(-8). Calculate the greatest common factor of p and 16.
16
Suppose -8 = 2*r - 7*z + 3*z, -2*r - 5*z + 37 = 0. Let v(j